
{"id":31,"date":"2022-01-12T10:00:26","date_gmt":"2022-01-12T09:00:26","guid":{"rendered":"https:\/\/przedszkole102.edu.wroclaw.pl\/?page_id=31"},"modified":"2022-08-30T14:06:55","modified_gmt":"2022-08-30T12:06:55","slug":"strona-glowna","status":"publish","type":"page","link":"https:\/\/przedszkole102.edu.wroclaw.pl\/","title":{"rendered":"Strona g\u0142\u00f3wna"},"content":{"rendered":"<div class=\"wpb-content-wrapper\"><p><img loading=\"lazy\" decoding=\"async\" class=\"alignnone size-medium wp-image-724\" src=\"https:\/\/przedszkole102.edu.wroclaw.pl\/wp-content\/uploads\/sites\/71\/2022\/08\/loga_wspolnie_unicef_wroclaw_-300x100.png\" alt=\"\" width=\"300\" height=\"100\" srcset=\"https:\/\/przedszkole102.edu.wroclaw.pl\/wp-content\/uploads\/sites\/71\/2022\/08\/loga_wspolnie_unicef_wroclaw_-300x100.png 300w, https:\/\/przedszkole102.edu.wroclaw.pl\/wp-content\/uploads\/sites\/71\/2022\/08\/loga_wspolnie_unicef_wroclaw_-1024x342.png 1024w, https:\/\/przedszkole102.edu.wroclaw.pl\/wp-content\/uploads\/sites\/71\/2022\/08\/loga_wspolnie_unicef_wroclaw_-768x256.png 768w, https:\/\/przedszkole102.edu.wroclaw.pl\/wp-content\/uploads\/sites\/71\/2022\/08\/loga_wspolnie_unicef_wroclaw_-600x200.png 600w, https:\/\/przedszkole102.edu.wroclaw.pl\/wp-content\/uploads\/sites\/71\/2022\/08\/loga_wspolnie_unicef_wroclaw_-1536x512.png 1536w, https:\/\/przedszkole102.edu.wroclaw.pl\/wp-content\/uploads\/sites\/71\/2022\/08\/loga_wspolnie_unicef_wroclaw_.png 1772w\" sizes=\"auto, (max-width: 300px) 100vw, 300px\" \/>[vc_row][vc_column width=&#8221;1\/12&#8243;][\/vc_column][vc_column width=&#8221;1\/2&#8243;][vc_wp_text]<\/p>\n<h1 style=\"text-align: center\"><span style=\"font-size: 42pt;color: #c4360a\">O Przedszkolu<\/span><\/h1>\n<p>[\/vc_wp_text][vc_separator color=&#8221;custom&#8221; border_width=&#8221;4&#8243; el_width=&#8221;50&#8243; accent_color=&#8221;#c4360a&#8221; css=&#8221;.vc_custom_1642756819603{margin-top: -30px !important;}&#8221;][vc_wp_text]Przedszkole znajduje si\u0119 na osiedlu Szczepin w dzielnicy Stare Miasto. Dobre usytuowanie przedszkola u\u0142atwia nam organizacj\u0119 r\u00f3\u017cnorodnych wycieczek i spacer\u00f3w. Cz\u0119sto wi\u0119c odwiedzamy zabytkowe zak\u0105tki Wroc\u0142awia, w kt\u00f3rych dzieci mog\u0105 podziwia\u0107 jego uroki, poznawa\u0107 histori\u0119 i kutur\u0119, przenosi\u0107 si\u0119 w bajkowy \u015bwiat wroc\u0142awskich legend.<\/p>\n<p>Obiekt, w kt\u00f3rym mie\u015bci si\u0119 nasze przedszkole powsta\u0142 w latach 70-tych z przeznaczeniem na przedszkole. By\u0142 to wtedy najnowocze\u015bniejszy budynek tego typu we Wroc\u0142awiu.<em><br \/>\n<\/em>[\/vc_wp_text][\/vc_column][vc_column width=&#8221;1\/3&#8243;][vc_empty_space height=&#8221;160px&#8221;][vc_wp_text]<img loading=\"lazy\" decoding=\"async\" class=\"size-medium wp-image-44 aligncenter\" src=\"https:\/\/przedszkole102.edu.wroclaw.pl\/wp-content\/uploads\/sites\/71\/2022\/01\/IMG20210309101752-300x225.jpg\" alt=\"Budynek przedszkola nr 102\" width=\"300\" height=\"225\" srcset=\"https:\/\/przedszkole102.edu.wroclaw.pl\/wp-content\/uploads\/sites\/71\/2022\/01\/IMG20210309101752-300x225.jpg 300w, https:\/\/przedszkole102.edu.wroclaw.pl\/wp-content\/uploads\/sites\/71\/2022\/01\/IMG20210309101752-768x576.jpg 768w, https:\/\/przedszkole102.edu.wroclaw.pl\/wp-content\/uploads\/sites\/71\/2022\/01\/IMG20210309101752-600x450.jpg 600w, https:\/\/przedszkole102.edu.wroclaw.pl\/wp-content\/uploads\/sites\/71\/2022\/01\/IMG20210309101752.jpg 900w\" sizes=\"auto, (max-width: 300px) 100vw, 300px\" \/>[\/vc_wp_text][\/vc_column][\/vc_row][vc_row][vc_column width=&#8221;1\/12&#8243;][\/vc_column][vc_column width=&#8221;1\/2&#8243;][vc_wp_text]<\/p>\n<h1 style=\"text-align: center\"><span style=\"font-size: 42pt;color: #c4360a\">Zaplecze<\/span><\/h1>\n<p>[\/vc_wp_text][vc_separator color=&#8221;custom&#8221; border_width=&#8221;4&#8243; el_width=&#8221;50&#8243; accent_color=&#8221;#c4360a&#8221; css=&#8221;.vc_custom_1642756864852{margin-top: -30px !important;}&#8221;][vc_wp_text]Na parterze znajduj\u0105 si\u0119 sztnia, dwie sale dziennego pobytu dla dzieci m\u0142odszych oraz hol, w kt\u00f3rym mieszcz\u0105 si\u0119 tablice informacyjne dla rodzic\u00f3w. W ci\u0105gu ca\u0142ego roku szkolnego prezentowane s\u0105 na nich prace plastyczne dzieci. Jest to r\u00f3wnie\u017c miejsce gdzie organizowane s\u0105 og\u00f3lnoprzedszkolne i mi\u0119dzyprzedszkolne wystawy tw\u00f3rczo\u015bci dzieci\u0119cej.Pierwsze pi\u0119tro to: kuchnia, w kt\u00f3rej przygotowywane s\u0105 smaczne, domowe posi\u0142ki, hol i trzy sale dziennego pobytu dla dzieci starszych. Na pierwszym pi\u0119trze znajduje si\u0119 r\u00f3wnie\u017c gabinet metodyczny, w kt\u00f3rym znajduj\u0105 si\u0119 liczne pomoce dydaktyczne. Posiadamy r\u00f3wnie\u017c bogat\u0105 w literatur\u0119 bibliotek\u0119 przedszkoln\u0105 oraz garderob\u0119 stroj\u00f3w i rekwizyt\u00f3w, kt\u00f3re pomagaj\u0105 nam uatrakcyjni\u0107 zaj\u0119cia edukacyjne i uroczysto\u015bci przedszkolne.Budynek przedszkolny otacza du\u017cy, zadrzewiony ogr\u00f3d, w kt\u00f3rym dzieci nie tylko bawi\u0105 si\u0119, wypoczywaj\u0105, korzystaj\u0105 ze \u015bwie\u017cego powietrza, ale jest to tak\u017ce miejsce gdzie odbywaj\u0105 si\u0119 festyny, zaj\u0119cia plenerowe, zawody sportowe.[\/vc_wp_text][\/vc_column][vc_column width=&#8221;1\/3&#8243;][vc_empty_space height=&#8221;160px&#8221;][vc_wp_text]<img loading=\"lazy\" decoding=\"async\" class=\"size-medium wp-image-45 aligncenter\" src=\"https:\/\/przedszkole102.edu.wroclaw.pl\/wp-content\/uploads\/sites\/71\/2022\/01\/IMG20210309101910-300x225.jpg\" alt=\"szatnia przedszkola nr 102\" width=\"300\" height=\"225\" srcset=\"https:\/\/przedszkole102.edu.wroclaw.pl\/wp-content\/uploads\/sites\/71\/2022\/01\/IMG20210309101910-300x225.jpg 300w, https:\/\/przedszkole102.edu.wroclaw.pl\/wp-content\/uploads\/sites\/71\/2022\/01\/IMG20210309101910-768x576.jpg 768w, https:\/\/przedszkole102.edu.wroclaw.pl\/wp-content\/uploads\/sites\/71\/2022\/01\/IMG20210309101910-600x450.jpg 600w, https:\/\/przedszkole102.edu.wroclaw.pl\/wp-content\/uploads\/sites\/71\/2022\/01\/IMG20210309101910.jpg 900w\" sizes=\"auto, (max-width: 300px) 100vw, 300px\" \/>[\/vc_wp_text][\/vc_column][\/vc_row][vc_row][vc_column][vc_column_text]<\/p>\n<p>[\/vc_column_text][\/vc_column][\/vc_row]<\/p>\n<\/div>","protected":false},"excerpt":{"rendered":"<p>[vc_row][vc_column width=&#8221;1\/12&#8243;][\/vc_column][vc_column width=&#8221;1\/2&#8243;][vc_wp_text] O Przedszkolu [\/vc_wp_text][vc_separator color=&#8221;custom&#8221; border_width=&#8221;4&#8243; el_width=&#8221;50&#8243; accent_color=&#8221;#c4360a&#8221; css=&#8221;.vc_custom_1642756819603{margin-top: -30px !important;}&#8221;][vc_wp_text]Przedszkole znajduje si\u0119 na osiedlu Szczepin w dzielnicy Stare Miasto. Dobre usytuowanie przedszkola u\u0142atwia nam organizacj\u0119 r\u00f3\u017cnorodnych wycieczek [&hellip;]<\/p>\n","protected":false},"author":7,"featured_media":0,"parent":0,"menu_order":0,"comment_status":"closed","ping_status":"closed","template":"","meta":{"footnotes":""},"class_list":["post-31","page","type-page","status-publish","hentry","clearfix"],"_links":{"self":[{"href":"https:\/\/przedszkole102.edu.wroclaw.pl\/index.php\/wp-json\/wp\/v2\/pages\/31","targetHints":{"allow":["GET"]}}],"collection":[{"href":"https:\/\/przedszkole102.edu.wroclaw.pl\/index.php\/wp-json\/wp\/v2\/pages"}],"about":[{"href":"https:\/\/przedszkole102.edu.wroclaw.pl\/index.php\/wp-json\/wp\/v2\/types\/page"}],"author":[{"embeddable":true,"href":"https:\/\/przedszkole102.edu.wroclaw.pl\/index.php\/wp-json\/wp\/v2\/users\/7"}],"replies":[{"embeddable":true,"href":"https:\/\/przedszkole102.edu.wroclaw.pl\/index.php\/wp-json\/wp\/v2\/comments?post=31"}],"version-history":[{"count":11,"href":"https:\/\/przedszkole102.edu.wroclaw.pl\/index.php\/wp-json\/wp\/v2\/pages\/31\/revisions"}],"predecessor-version":[{"id":731,"href":"https:\/\/przedszkole102.edu.wroclaw.pl\/index.php\/wp-json\/wp\/v2\/pages\/31\/revisions\/731"}],"wp:attachment":[{"href":"https:\/\/przedszkole102.edu.wroclaw.pl\/index.php\/wp-json\/wp\/v2\/media?parent=31"}],"curies":[{"name":"wp","href":"https:\/\/api.w.org\/{rel}","templated":true}]}}

Strona główna

<div class="wpb-content-wrapper"><p><img loading="lazy" decoding="async" class="alignnone size-medium wp-image-724" src="https://przedszkole102.edu.wroclaw.pl/wp-content/uploads/sites/71/2022/08/loga_wspolnie_unicef_wroclaw_-300x100.png" alt="" width="300" height="100" srcset="https://przedszkole102.edu.wroclaw.pl/wp-content/uploads/sites/71/2022/08/loga_wspolnie_unicef_wroclaw_-300x100.png 300w, https://przedszkole102.edu.wroclaw.pl/wp-content/uploads/sites/71/2022/08/loga_wspolnie_unicef_wroclaw_-1024x342.png 1024w, https://przedszkole102.edu.wroclaw.pl/wp-content/uploads/sites/71/2022/08/loga_wspolnie_unicef_wroclaw_-768x256.png 768w, https://przedszkole102.edu.wroclaw.pl/wp-content/uploads/sites/71/2022/08/loga_wspolnie_unicef_wroclaw_-600x200.png 600w, https://przedszkole102.edu.wroclaw.pl/wp-content/uploads/sites/71/2022/08/loga_wspolnie_unicef_wroclaw_-1536x512.png 1536w, https://przedszkole102.edu.wroclaw.pl/wp-content/uploads/sites/71/2022/08/loga_wspolnie_unicef_wroclaw_.png 1772w" sizes="auto, (max-width: 300px) 100vw, 300px" />[vc_row][vc_column width=&#8221;1/12&#8243;][/vc_column][vc_column width=&#8221;1/2&#8243;][vc_wp_text]</p>
<h1 style="text-align: center"><span style="font-size: 42pt;color: #c4360a">O Przedszkolu</span></h1>
<p>[/vc_wp_text][vc_separator color=&#8221;custom&#8221; border_width=&#8221;4&#8243; el_width=&#8221;50&#8243; accent_color=&#8221;#c4360a&#8221; css=&#8221;.vc_custom_1642756819603{margin-top: -30px !important;}&#8221;][vc_wp_text]Przedszkole znajduje się na osiedlu Szczepin w dzielnicy Stare Miasto. Dobre usytuowanie przedszkola ułatwia nam organizację różnorodnych wycieczek i spacerów. Często więc odwiedzamy zabytkowe zakątki Wrocławia, w których dzieci mogą podziwiać jego uroki, poznawać historię i kuturę, przenosić się w bajkowy świat wrocławskich legend.</p>
<p>Obiekt, w którym mieści się nasze przedszkole powstał w latach 70-tych z przeznaczeniem na przedszkole. Był to wtedy najnowocześniejszy budynek tego typu we Wrocławiu.<em><br />
</em>[/vc_wp_text][/vc_column][vc_column width=&#8221;1/3&#8243;][vc_empty_space height=&#8221;160px&#8221;][vc_wp_text]<img loading="lazy" decoding="async" class="size-medium wp-image-44 aligncenter" src="https://przedszkole102.edu.wroclaw.pl/wp-content/uploads/sites/71/2022/01/IMG20210309101752-300x225.jpg" alt="Budynek przedszkola nr 102" width="300" height="225" srcset="https://przedszkole102.edu.wroclaw.pl/wp-content/uploads/sites/71/2022/01/IMG20210309101752-300x225.jpg 300w, https://przedszkole102.edu.wroclaw.pl/wp-content/uploads/sites/71/2022/01/IMG20210309101752-768x576.jpg 768w, https://przedszkole102.edu.wroclaw.pl/wp-content/uploads/sites/71/2022/01/IMG20210309101752-600x450.jpg 600w, https://przedszkole102.edu.wroclaw.pl/wp-content/uploads/sites/71/2022/01/IMG20210309101752.jpg 900w" sizes="auto, (max-width: 300px) 100vw, 300px" />[/vc_wp_text][/vc_column][/vc_row][vc_row][vc_column width=&#8221;1/12&#8243;][/vc_column][vc_column width=&#8221;1/2&#8243;][vc_wp_text]</p>
<h1 style="text-align: center"><span style="font-size: 42pt;color: #c4360a">Zaplecze</span></h1>
<p>[/vc_wp_text][vc_separator color=&#8221;custom&#8221; border_width=&#8221;4&#8243; el_width=&#8221;50&#8243; accent_color=&#8221;#c4360a&#8221; css=&#8221;.vc_custom_1642756864852{margin-top: -30px !important;}&#8221;][vc_wp_text]Na parterze znajdują się sztnia, dwie sale dziennego pobytu dla dzieci młodszych oraz hol, w którym mieszczą się tablice informacyjne dla rodziców. W ciągu całego roku szkolnego prezentowane są na nich prace plastyczne dzieci. Jest to również miejsce gdzie organizowane są ogólnoprzedszkolne i międzyprzedszkolne wystawy twórczości dziecięcej.Pierwsze piętro to: kuchnia, w której przygotowywane są smaczne, domowe posiłki, hol i trzy sale dziennego pobytu dla dzieci starszych. Na pierwszym piętrze znajduje się również gabinet metodyczny, w którym znajdują się liczne pomoce dydaktyczne. Posiadamy również bogatą w literaturę bibliotekę przedszkolną oraz garderobę strojów i rekwizytów, które pomagają nam uatrakcyjnić zajęcia edukacyjne i uroczystości przedszkolne.Budynek przedszkolny otacza duży, zadrzewiony ogród, w którym dzieci nie tylko bawią się, wypoczywają, korzystają ze świeżego powietrza, ale jest to także miejsce gdzie odbywają się festyny, zajęcia plenerowe, zawody sportowe.[/vc_wp_text][/vc_column][vc_column width=&#8221;1/3&#8243;][vc_empty_space height=&#8221;160px&#8221;][vc_wp_text]<img loading="lazy" decoding="async" class="size-medium wp-image-45 aligncenter" src="https://przedszkole102.edu.wroclaw.pl/wp-content/uploads/sites/71/2022/01/IMG20210309101910-300x225.jpg" alt="szatnia przedszkola nr 102" width="300" height="225" srcset="https://przedszkole102.edu.wroclaw.pl/wp-content/uploads/sites/71/2022/01/IMG20210309101910-300x225.jpg 300w, https://przedszkole102.edu.wroclaw.pl/wp-content/uploads/sites/71/2022/01/IMG20210309101910-768x576.jpg 768w, https://przedszkole102.edu.wroclaw.pl/wp-content/uploads/sites/71/2022/01/IMG20210309101910-600x450.jpg 600w, https://przedszkole102.edu.wroclaw.pl/wp-content/uploads/sites/71/2022/01/IMG20210309101910.jpg 900w" sizes="auto, (max-width: 300px) 100vw, 300px" />[/vc_wp_text][/vc_column][/vc_row][vc_row][vc_column][vc_column_text]</p>
<p>[/vc_column_text][/vc_column][/vc_row]</p>
</div>

<p>[vc_row][vc_column width=&#8221;1/12&#8243;][/vc_column][vc_column width=&#8221;1/2&#8243;][vc_wp_text] O Przedszkolu [/vc_wp_text][vc_separator color=&#8221;custom&#8221; border_width=&#8221;4&#8243; el_width=&#8221;50&#8243; accent_color=&#8221;#c4360a&#8221; css=&#8221;.vc_custom_1642756819603{margin-top: -30px !important;}&#8221;][vc_wp_text]Przedszkole znajduje się na osiedlu Szczepin w dzielnicy Stare Miasto. Dobre usytuowanie przedszkola ułatwia nam organizację różnorodnych wycieczek [&hellip;]</p>
