
{"id":336,"date":"2022-01-27T14:53:35","date_gmt":"2022-01-27T13:53:35","guid":{"rendered":"https:\/\/przedszkole102.edu.wroclaw.pl\/?page_id=336"},"modified":"2022-01-28T10:13:53","modified_gmt":"2022-01-28T09:13:53","slug":"bezpieczny-dolnoslazak","status":"publish","type":"page","link":"https:\/\/przedszkole102.edu.wroclaw.pl\/index.php\/bezpieczny-dolnoslazak\/","title":{"rendered":"Bezpieczny Dolno\u015bl\u0105zak"},"content":{"rendered":"<p><img loading=\"lazy\" decoding=\"async\" class=\"size-medium wp-image-337 aligncenter\" src=\"https:\/\/przedszkole102.edu.wroclaw.pl\/wp-content\/uploads\/sites\/71\/2022\/01\/bezpieczny-dolnoslazak-logo-prcent-28png-przezroczyste-prcent-29-268x300.png\" alt=\"Grafika artyku\u0142u\" width=\"268\" height=\"300\" srcset=\"https:\/\/przedszkole102.edu.wroclaw.pl\/wp-content\/uploads\/sites\/71\/2022\/01\/bezpieczny-dolnoslazak-logo-prcent-28png-przezroczyste-prcent-29-268x300.png 268w, https:\/\/przedszkole102.edu.wroclaw.pl\/wp-content\/uploads\/sites\/71\/2022\/01\/bezpieczny-dolnoslazak-logo-prcent-28png-przezroczyste-prcent-29.png 300w\" sizes=\"auto, (max-width: 268px) 100vw, 268px\" \/><\/p>\n<p>&nbsp;&nbsp;W roku szkolnym 2018\/19&nbsp; Przedszkole 102 uczestniczy w Programie ,,Bezpieczny&nbsp; Dolno\u015bl\u0105zak&#8221; . Organizatorem Programu jest Marsza\u0142ek Wojew\u00f3dztwa Dolno\u015bl\u0105skiego.&nbsp;<\/p>\n<h2>Cele programu:<\/h2>\n<ul>\n<li>nabywanie i utrwalanie praktycznych umiej\u0119tno\u015bci w zakresie bezpiecznego zachowania oraz umiej\u0119tno\u015bci wsp\u00f3\u0142dzia\u0142ania ze&nbsp; s\u0142u\u017cbami i organizacjami powo\u0142anymi w celu zapewnienia bezpiecze\u0144stwa,<\/li>\n<li>wsparcie szk\u00f3\u0142 w projektowaniu dzia\u0142a\u0144 -maj\u0105cych na celu podniesienie \u015bwiadomo\u015bci dzieci na temat bezpiecznych zachowa\u0144. Udzia\u0142 w programie jest bezp\u0142atny.<\/li>\n<\/ul>\n<p>Projekt edukacyjny realizowany w P-102 w ramach Programu ..Bezpieczny Dolno\u015bl\u0105zak&#8221; zosta\u0142 zatytu\u0142owany:<\/p>\n<h3>,<em><strong>,Dbam o swoje bezpiecze\u0144stwo przez ca\u0142y rok&#8221;.<\/strong><\/em><\/h3>\n<h2>Wybrane przez przedszkole obszary realizacji programu:<\/h2>\n<ul>\n<li>Bezpiecze\u0144stwo&nbsp; w Internecie<\/li>\n<li>Pierwsza pomoc<\/li>\n<li>Bezpiecze\u0144stwo na drodze<\/li>\n<li>Zagro\u017cenia bezpiecze\u0144stwa w sytuacjach niespodziewanych np. po\u017car<\/li>\n<li>Bezpieczne \u015brodowisko<\/li>\n<\/ul>\n","protected":false},"excerpt":{"rendered":"<p>&nbsp;&nbsp;W roku szkolnym 2018\/19&nbsp; Przedszkole 102 uczestniczy w Programie ,,Bezpieczny&nbsp; Dolno\u015bl\u0105zak&#8221; . Organizatorem Programu jest Marsza\u0142ek Wojew\u00f3dztwa Dolno\u015bl\u0105skiego.&nbsp; Cele programu: nabywanie i utrwalanie praktycznych umiej\u0119tno\u015bci w zakresie bezpiecznego zachowania oraz [&hellip;]<\/p>\n","protected":false},"author":7,"featured_media":0,"parent":0,"menu_order":0,"comment_status":"closed","ping_status":"closed","template":"","meta":{"footnotes":""},"class_list":["post-336","page","type-page","status-publish","hentry","clearfix"],"_links":{"self":[{"href":"https:\/\/przedszkole102.edu.wroclaw.pl\/index.php\/wp-json\/wp\/v2\/pages\/336","targetHints":{"allow":["GET"]}}],"collection":[{"href":"https:\/\/przedszkole102.edu.wroclaw.pl\/index.php\/wp-json\/wp\/v2\/pages"}],"about":[{"href":"https:\/\/przedszkole102.edu.wroclaw.pl\/index.php\/wp-json\/wp\/v2\/types\/page"}],"author":[{"embeddable":true,"href":"https:\/\/przedszkole102.edu.wroclaw.pl\/index.php\/wp-json\/wp\/v2\/users\/7"}],"replies":[{"embeddable":true,"href":"https:\/\/przedszkole102.edu.wroclaw.pl\/index.php\/wp-json\/wp\/v2\/comments?post=336"}],"version-history":[{"count":2,"href":"https:\/\/przedszkole102.edu.wroclaw.pl\/index.php\/wp-json\/wp\/v2\/pages\/336\/revisions"}],"predecessor-version":[{"id":1052,"href":"https:\/\/przedszkole102.edu.wroclaw.pl\/index.php\/wp-json\/wp\/v2\/pages\/336\/revisions\/1052"}],"wp:attachment":[{"href":"https:\/\/przedszkole102.edu.wroclaw.pl\/index.php\/wp-json\/wp\/v2\/media?parent=336"}],"curies":[{"name":"wp","href":"https:\/\/api.w.org\/{rel}","templated":true}]}}